{"id":533,"date":"2026-02-05T13:12:51","date_gmt":"2026-02-05T13:12:51","guid":{"rendered":"https:\/\/mlc72130.fr\/?page_id=533"},"modified":"2026-02-05T13:36:47","modified_gmt":"2026-02-05T13:36:47","slug":"bulletin-municipal","status":"publish","type":"page","link":"https:\/\/mlc72130.fr\/index.php\/bulletin-municipal\/","title":{"rendered":"Bulletin municipal"},"content":{"rendered":"\n<div data-wp-interactive=\"core\/file\" class=\"wp-block-file\"><object data-wp-bind--hidden=\"!state.hasPdfPreview\" hidden class=\"wp-block-file__embed\" data=\"https:\/\/mlc72130.fr\/wp-content\/uploads\/2026\/02\/Bulletin-decembre-2025-finalise-1.pdf\" type=\"application\/pdf\" style=\"width:100%;height:600px\" aria-label=\"Contenu embarqu\u00e9 Bulletin d\u00e9cembre 2025 finalis\u00e9.\"><\/object><a id=\"wp-block-file--media-ff954bd9-a5df-4d1e-b9af-7cf9a3b3625b\" href=\"https:\/\/mlc72130.fr\/wp-content\/uploads\/2026\/02\/Bulletin-decembre-2025-finalise-1.pdf\">Bulletin d\u00e9cembre 2025 finalis\u00e9<\/a><a href=\"https:\/\/mlc72130.fr\/wp-content\/uploads\/2026\/02\/Bulletin-decembre-2025-finalise-1.pdf\" class=\"wp-block-file__button wp-element-button\" download aria-describedby=\"wp-block-file--media-ff954bd9-a5df-4d1e-b9af-7cf9a3b3625b\">T\u00e9l\u00e9charger<\/a><\/div>\n\n\n\n<div data-wp-interactive=\"core\/file\" class=\"wp-block-file\"><object data-wp-bind--hidden=\"!state.hasPdfPreview\" hidden class=\"wp-block-file__embed\" data=\"https:\/\/mlc72130.fr\/wp-content\/uploads\/2026\/02\/bulletin-juin-2025.pdf\" type=\"application\/pdf\" style=\"width:100%;height:600px\" aria-label=\"Contenu embarqu\u00e9 bulletin juin 2025.\"><\/object><a id=\"wp-block-file--media-40ddbd41-e028-42c2-a7b6-a4a2c9695faa\" href=\"https:\/\/mlc72130.fr\/wp-content\/uploads\/2026\/02\/bulletin-juin-2025.pdf\">bulletin juin 2025<\/a><a href=\"https:\/\/mlc72130.fr\/wp-content\/uploads\/2026\/02\/bulletin-juin-2025.pdf\" class=\"wp-block-file__button wp-element-button\" download aria-describedby=\"wp-block-file--media-40ddbd41-e028-42c2-a7b6-a4a2c9695faa\">T\u00e9l\u00e9charger<\/a><\/div>\n\n\n\n<div data-wp-interactive=\"core\/file\" class=\"wp-block-file\"><object data-wp-bind--hidden=\"!state.hasPdfPreview\" hidden class=\"wp-block-file__embed\" data=\"https:\/\/mlc72130.fr\/wp-content\/uploads\/2026\/02\/decembre-2024.pdf\" type=\"application\/pdf\" style=\"width:100%;height:600px\" aria-label=\"Contenu embarqu\u00e9 d\u00e9cembre 2024.\"><\/object><a id=\"wp-block-file--media-53115e9c-b94b-416b-8e63-d8efe2c42340\" href=\"https:\/\/mlc72130.fr\/wp-content\/uploads\/2026\/02\/decembre-2024.pdf\">d\u00e9cembre 2024<\/a><a href=\"https:\/\/mlc72130.fr\/wp-content\/uploads\/2026\/02\/decembre-2024.pdf\" class=\"wp-block-file__button wp-element-button\" download aria-describedby=\"wp-block-file--media-53115e9c-b94b-416b-8e63-d8efe2c42340\">T\u00e9l\u00e9charger<\/a><\/div>\n","protected":false},"excerpt":{"rendered":"","protected":false},"author":1,"featured_media":529,"parent":0,"menu_order":0,"comment_status":"closed","ping_status":"closed","template":"","meta":{"footnotes":""},"class_list":["post-533","page","type-page","status-publish","has-post-thumbnail","hentry"],"_links":{"self":[{"href":"https:\/\/mlc72130.fr\/index.php\/wp-json\/wp\/v2\/pages\/533","targetHints":{"allow":["GET"]}}],"collection":[{"href":"https:\/\/mlc72130.fr\/index.php\/wp-json\/wp\/v2\/pages"}],"about":[{"href":"https:\/\/mlc72130.fr\/index.php\/wp-json\/wp\/v2\/types\/page"}],"author":[{"embeddable":true,"href":"https:\/\/mlc72130.fr\/index.php\/wp-json\/wp\/v2\/users\/1"}],"replies":[{"embeddable":true,"href":"https:\/\/mlc72130.fr\/index.php\/wp-json\/wp\/v2\/comments?post=533"}],"version-history":[{"count":3,"href":"https:\/\/mlc72130.fr\/index.php\/wp-json\/wp\/v2\/pages\/533\/revisions"}],"predecessor-version":[{"id":555,"href":"https:\/\/mlc72130.fr\/index.php\/wp-json\/wp\/v2\/pages\/533\/revisions\/555"}],"wp:featuredmedia":[{"embeddable":true,"href":"https:\/\/mlc72130.fr\/index.php\/wp-json\/wp\/v2\/media\/529"}],"wp:attachment":[{"href":"https:\/\/mlc72130.fr\/index.php\/wp-json\/wp\/v2\/media?parent=533"}],"curies":[{"name":"wp","href":"https:\/\/api.w.org\/{rel}","templated":true}]}}